{"id":356,"date":"2017-02-10T16:14:17","date_gmt":"2017-02-10T15:14:17","guid":{"rendered":"http:\/\/aufildapprendre.com\/?page_id=356"},"modified":"2019-12-05T17:27:28","modified_gmt":"2019-12-05T16:27:28","slug":"le-mind-map","status":"publish","type":"page","link":"https:\/\/aufildapprendre.com\/index.php\/le-mind-map\/","title":{"rendered":"le Mind Map"},"content":{"rendered":"<h1>Mind Map : De quoi s&rsquo;agit-il ?<\/h1>\n<p>Un outil pour structurer sa pens\u00e9e qui relie les diff\u00e9rentes comp\u00e9tences et les diff\u00e9rentes formes d&rsquo;intelligence.<\/p>\n<p>Il favorise l&rsquo;organisation et la synth\u00e8se. Il est une structure d&rsquo;accueil \u00e0 la fois analytique et synth\u00e9tique pour :<\/p>\n<ul style=\"margin-left: 60px;\">\n<li>Apprendre sa le\u00e7on<\/li>\n<li>M\u00e9moriser plus facilement<\/li>\n<li>Pr\u00e9parer un expos\u00e9<\/li>\n<li>Prendre des notes<\/li>\n<li>R\u00e9sumer un livre<\/li>\n<li>Pr\u00e9parer un oral, un entretien&#8230;<\/li>\n<\/ul>\n<p>Le mind map est un outil complet et ludique, qui permet de d\u00e9velopper sa m\u00e9moire, sa cr\u00e9ativit\u00e9, sa r\u00e9flexion, sa concentration.<\/p>\n","protected":false},"excerpt":{"rendered":"<p>Mind Map : De quoi s&rsquo;agit-il ? Un outil pour structurer sa pens\u00e9e qui relie les diff\u00e9rentes comp\u00e9tences et les diff\u00e9rentes formes d&rsquo;intelligence. Il favorise l&rsquo;organisation et la synth\u00e8se. Il est une structure d&rsquo;accueil \u00e0 la fois analytique et synth\u00e9tique pour : Apprendre sa le\u00e7on M\u00e9moriser plus facilement Pr\u00e9parer un expos\u00e9 Prendre des notes R\u00e9sumer&hellip;<a href=\"https:\/\/aufildapprendre.com\/index.php\/le-mind-map\/\" class=\"more-link\">Continue reading <span class=\"screen-reader-text\">le Mind Map<\/span><\/a><\/p>\n","protected":false},"author":1,"featured_media":0,"parent":0,"menu_order":0,"comment_status":"closed","ping_status":"closed","template":"","meta":{"footnotes":""},"class_list":["post-356","page","type-page","status-publish","hentry"],"_links":{"self":[{"href":"https:\/\/aufildapprendre.com\/index.php\/wp-json\/wp\/v2\/pages\/356","targetHints":{"allow":["GET"]}}],"collection":[{"href":"https:\/\/aufildapprendre.com\/index.php\/wp-json\/wp\/v2\/pages"}],"about":[{"href":"https:\/\/aufildapprendre.com\/index.php\/wp-json\/wp\/v2\/types\/page"}],"author":[{"embeddable":true,"href":"https:\/\/aufildapprendre.com\/index.php\/wp-json\/wp\/v2\/users\/1"}],"replies":[{"embeddable":true,"href":"https:\/\/aufildapprendre.com\/index.php\/wp-json\/wp\/v2\/comments?post=356"}],"version-history":[{"count":9,"href":"https:\/\/aufildapprendre.com\/index.php\/wp-json\/wp\/v2\/pages\/356\/revisions"}],"predecessor-version":[{"id":461,"href":"https:\/\/aufildapprendre.com\/index.php\/wp-json\/wp\/v2\/pages\/356\/revisions\/461"}],"wp:attachment":[{"href":"https:\/\/aufildapprendre.com\/index.php\/wp-json\/wp\/v2\/media?parent=356"}],"curies":[{"name":"wp","href":"https:\/\/api.w.org\/{rel}","templated":true}]}}