{"id":534,"date":"2019-12-20T10:04:55","date_gmt":"2019-12-20T09:04:55","guid":{"rendered":"https:\/\/aufildapprendre.com\/?page_id=534"},"modified":"2019-12-20T10:04:56","modified_gmt":"2019-12-20T09:04:56","slug":"presentation","status":"publish","type":"page","link":"https:\/\/aufildapprendre.com\/index.php\/presentation\/","title":{"rendered":"Pr\u00e9sentation"},"content":{"rendered":"\n<div class=\"wp-block-themeisle-blocks-advanced-columns has-1-columns has-desktop-equal-layout has-tablet-equal-layout has-mobile-equal-layout has-default-gap has-vertical-unset\" id=\"wp-block-themeisle-blocks-advanced-columns-390dc930\" style=\"border-width:0px;border-style:solid;border-color:#000000;border-radius:0px;justify-content:unset\"><div class=\"wp-themeisle-block-overlay\" style=\"opacity:0.5;mix-blend-mode:normal\"><\/div><div class=\"innerblocks-wrap\">\n<div class=\"wp-block-themeisle-blocks-advanced-column\" id=\"wp-block-themeisle-blocks-advanced-column-f30a5be6\" style=\"border-width:0px;border-style:solid;border-color:#000000;border-radius:0px\">\n<p>Comment gagner des points pour son bac de Fran\u00e7ais&nbsp;:<\/p>\n\n\n\n<p><strong>M\u00e9thodologie, connaissances et\u00a0 pratique<\/strong>\u00a0: 3 alli\u00e9s pour r\u00e9ussir\u00a0 cette \u00e9preuve.<\/p>\n\n\n\n<p><strong>Professeur de fran\u00e7ais depuis plus de 20 ans<\/strong>, je mets mon exp\u00e9rience au service des \u00e9l\u00e8ves de lyc\u00e9e pour leur permettre de r\u00e9ussir \u00a0leur bac de Fran\u00e7ais en fili\u00e8re g\u00e9n\u00e9rale ou technologique.<\/p>\n\n\n\n<p>Au fil des ans, j\u2019ai \u00e9labor\u00e9 des outils efficaces et pragmatiques qui permettent d\u2019acqu\u00e9rir de la <strong>m\u00e9thodologie<\/strong> pour aborder tous les exercices demand\u00e9s mais aussi\u00a0 des<strong> connaissances solides<\/strong> qui valoriseront votre copie. Mon accompagnement vous permettra de pratiquer, point essentiel du travail pour vous am\u00e9liorer progressivement, corriger, optimiser votre travail pour \u00eatre pr\u00eat et confiant le jour J.<\/p>\n\n\n\n<p>Vous trouverez sur ce site toutes les <strong>fiches m\u00e9thodologiques<\/strong> que j\u2019ai cr\u00e9\u00e9es pour vous aider\u00a0 dans votre travail en libre acc\u00e8s ainsi que des fiches sur les connaissances que vous devez\u00a0 ma\u00eetriser avant l\u2019\u00e9preuve.<\/p>\n\n\n\n<p>Bon courage et bon travail&nbsp;!<\/p>\n<\/div>\n<\/div><\/div>\n","protected":false},"excerpt":{"rendered":"","protected":false},"author":1,"featured_media":0,"parent":0,"menu_order":0,"comment_status":"closed","ping_status":"closed","template":"","meta":{"footnotes":""},"class_list":["post-534","page","type-page","status-publish","hentry"],"_links":{"self":[{"href":"https:\/\/aufildapprendre.com\/index.php\/wp-json\/wp\/v2\/pages\/534","targetHints":{"allow":["GET"]}}],"collection":[{"href":"https:\/\/aufildapprendre.com\/index.php\/wp-json\/wp\/v2\/pages"}],"about":[{"href":"https:\/\/aufildapprendre.com\/index.php\/wp-json\/wp\/v2\/types\/page"}],"author":[{"embeddable":true,"href":"https:\/\/aufildapprendre.com\/index.php\/wp-json\/wp\/v2\/users\/1"}],"replies":[{"embeddable":true,"href":"https:\/\/aufildapprendre.com\/index.php\/wp-json\/wp\/v2\/comments?post=534"}],"version-history":[{"count":1,"href":"https:\/\/aufildapprendre.com\/index.php\/wp-json\/wp\/v2\/pages\/534\/revisions"}],"predecessor-version":[{"id":536,"href":"https:\/\/aufildapprendre.com\/index.php\/wp-json\/wp\/v2\/pages\/534\/revisions\/536"}],"wp:attachment":[{"href":"https:\/\/aufildapprendre.com\/index.php\/wp-json\/wp\/v2\/media?parent=534"}],"curies":[{"name":"wp","href":"https:\/\/api.w.org\/{rel}","templated":true}]}}