{"id":551,"date":"2019-12-20T11:06:36","date_gmt":"2019-12-20T10:06:36","guid":{"rendered":"https:\/\/aufildapprendre.com\/?page_id=551"},"modified":"2020-01-08T10:01:49","modified_gmt":"2020-01-08T09:01:49","slug":"rediger","status":"publish","type":"page","link":"https:\/\/aufildapprendre.com\/index.php\/rediger\/","title":{"rendered":"R\u00e9diger"},"content":{"rendered":"\n<div class=\"wp-block-themeisle-blocks-advanced-columns has-1-columns has-desktop-equal-layout has-tablet-equal-layout has-mobile-equal-layout has-default-gap has-vertical-unset\" id=\"wp-block-themeisle-blocks-advanced-columns-9f46c38e\" style=\"border-width:0px;border-style:solid;border-color:#000000;border-radius:0px;justify-content:unset\"><div class=\"wp-themeisle-block-overlay\" style=\"opacity:0.5;mix-blend-mode:normal\"><\/div><div class=\"innerblocks-wrap\">\n<div class=\"wp-block-themeisle-blocks-advanced-column\" id=\"wp-block-themeisle-blocks-advanced-column-afd10a09\" style=\"border-width:0px;border-style:solid;border-color:#000000;border-radius:0px\">\n<p><strong>Comment r\u00e9diger ta copie<\/strong><\/p>\n\n\n\n<p>Au del\u00e0 de la qualit\u00e9 de l\u2019analyse de ton texte, pour t\u2019assurer le maximum de points \u00e0 cette \u00e9preuve, il est important que tu respectes certaines r\u00e8gles qui sont \u00e9valu\u00e9es &nbsp;qui vont optimiser ta note finale et t\u2019aider \u00e9galement \u00e0 structurer ta copie.<\/p>\n\n\n\n<p>&nbsp;&nbsp;&nbsp;&nbsp;&nbsp;&nbsp;&nbsp; Voil\u00e0\ncomment doit s\u2019organiser ta copie :<\/p>\n\n\n\n<ul class=\"wp-block-list\"><li>Introduction <\/li><li>D\u00e9veloppement en deux ou trois parties avec 2 ou\n3 sous parties chacune<\/li><li>Conclusion<\/li><\/ul>\n\n\n\n<p>Chaque partie et sous partie commence par un alin\u00e9a.<\/p>\n\n\n\n<p>Saute 2 lignes entre ton introduction et le d\u00e9veloppement et la\nconclusion<\/p>\n\n\n\n<p>Saute une ligne entre chaque axe<\/p>\n\n\n\n<p>Il est primordial que tu&nbsp; respectes cette disposition car cela fait partie des crit\u00e8res de notation &nbsp;du correcteur. Des points gagn\u00e9s facilement&nbsp;!<\/p>\n\n\n\n<p><strong>Comment r\u00e9ussir ton introduction<\/strong>&nbsp;:<\/p>\n\n\n\n<p>Elle comprend 4 \u00e9tapes&nbsp;:<\/p>\n\n\n\n<p><strong>1<sup>\u00e8re<\/sup> \u00e9tape<\/strong>&nbsp;:<\/p>\n\n\n\n<ul class=\"wp-block-list\"><li>Amorce\u00a0: il s\u2019agit d\u2019introduire l\u2019\u0153uvre que tu vas \u00e9tudier. Choisis des informations pertinentes qui permettent de donner des informations qui peuvent se r\u00e9v\u00e9ler int\u00e9ressantes pour cet extrait\u00a0:<\/li><\/ul>\n\n\n\n<p>Des informations sur l\u2019auteur si tu l\u2019as d\u00e9j\u00e0 \u00e9tudi\u00e9, <\/p>\n\n\n\n<p>Des&nbsp; informations sur le mouvement\nlitt\u00e9raire <\/p>\n\n\n\n<p>ou sur l\u2019objet d\u2019\u00e9tude (apologue, th\u00e9\u00e2tre, po\u00e9sie\u2026)<\/p>\n\n\n\n<p>Si tu n\u2019as rien de tout \u00e7a inutile de broder, cela se voit, contente toi d\u2019introduire simplement l\u2019\u0153uvre avec&nbsp; ce type de phrase &nbsp;:<\/p>\n\n\n\n<p>\u00a0 Voltaire est un auteur de XVIII \u00e8me si\u00e8cle qui a\u00a0 \u00e9crit le conte philosophique <em>Candide <\/em>paru en 17..<\/p>\n\n\n\n<p>N\u2019oublie pas de toujours souligner les titres des \u0153uvres.<\/p>\n\n\n\n<p><strong>2<sup>\u00e8me<\/sup> \u00e9tape<\/strong>&nbsp;:<\/p>\n\n\n\n<p>Il s\u2019agit de pr\u00e9senter l\u2019extrait en le situant dans l\u2019\u0153uvre\nsurtout s\u2019il agit d\u2019un extrait cl\u00e9 (sc\u00e8ne d\u2019exposition, excipit\u2026) en \u00e9voquant\nle genre, le type de texte, le th\u00e8me,&nbsp;\nainsi que de r\u00e9pondre aux questions qui quand et o\u00f9 avant d\u2019aborder le\nregistre et le but de l\u2019auteur.<\/p>\n\n\n\n<p>Il s\u2019agit d\u2019une br\u00e8ve pr\u00e9sentation g\u00e9n\u00e9rale<\/p>\n\n\n\n<p><strong>3<sup>\u00e8me<\/sup> \u00e9tape<\/strong>&nbsp;: annonce ta probl\u00e9matique<\/p>\n\n\n\n<p>Il s\u2019agit d\u2019une hypoth\u00e8se de lecture \u00e0 laquelle ton\nd\u00e9veloppement r\u00e9pond.<\/p>\n\n\n\n<p><strong>4<sup>\u00e8me<\/sup> \u00e9tape<\/strong>&nbsp;: annonce tes&nbsp; axes.<\/p>\n\n\n\n<p>Co<strong>nclusion<\/strong>&nbsp;:<\/p>\n\n\n\n<p>Il s\u2019agit de terminer le travail en r\u00e9pondant aux \u00e9l\u00e9ments\nque tu avais soulev\u00e9s en introduction&nbsp;:<\/p>\n\n\n\n<p><strong>1<sup>\u00e8re<\/sup> \u00e9tape<\/strong>&nbsp;: <\/p>\n\n\n\n<p>R\u00e9ponds \u00e0 la probl\u00e9matique en faisant le bilan de tes deux\naxes.<\/p>\n\n\n\n<p><strong>2<sup>\u00e8me<\/sup> \u00e9tape<\/strong>&nbsp;:<\/p>\n\n\n\n<p>Fais ressortir si tu peux l\u2019int\u00e9r\u00eat de ce texte dans le\ncontexte dans lequel il a \u00e9t\u00e9 \u00e9crit.<\/p>\n\n\n\n<p><strong>3<sup>\u00e8me<\/sup> \u00e9tape<\/strong>&nbsp;:<\/p>\n\n\n\n<p>N\u2019oublie pas l\u2019\u00e9largissement. Faire un parall\u00e8le avec un\nautre texte qui aborde le m\u00eame th\u00e8me ou au contraire aborde un point de vue\nradicalement diff\u00e9rent.<\/p>\n\n\n\n<p><\/p>\n\n\n\n<p><strong>D\u00e9veloppement<\/strong><\/p>\n\n\n\n<p>Mets en valeur ton d\u00e9veloppement en \u00a0 t\u2019assurant que le d\u00e9veloppement soit bien argument\u00e9\u00a0:<\/p>\n\n\n\n<ul class=\"wp-block-list\"><li>Chaque partie annonce clairement l\u2019id\u00e9e qu\u2019elle\nse propose de d\u00e9montrer et le deuxi\u00e8me axe apporte un nouvel angle d\u2019analyse<\/li><li>Les sous parties commencent par la formulation\nde l\u2019explication et se poursuivent par une analyse du texte ponctu\u00e9e de\nproc\u00e9d\u00e9s et de citations.<\/li><\/ul>\n\n\n\n<p>Fais attention \u00e0 ne pas paraphraser le texte c\u2019est-\u00e0-dire \u00e0\nnous raconter ce qui s\u2019y passe, il s\u2019agit d\u2019analyser.<\/p>\n\n\n\n<p>&nbsp;&nbsp;&nbsp;&nbsp;&nbsp;&nbsp;&nbsp;&nbsp;&nbsp;&nbsp;&nbsp;&nbsp;&nbsp;&nbsp;&nbsp; Chaque\npartie se termine par une transition qui fait le bilan de la partie et amorce\nl\u2019id\u00e9e de la partie \u00e0 venir.<\/p>\n<\/div>\n<\/div><\/div>\n","protected":false},"excerpt":{"rendered":"","protected":false},"author":1,"featured_media":0,"parent":0,"menu_order":0,"comment_status":"closed","ping_status":"closed","template":"","meta":{"footnotes":""},"class_list":["post-551","page","type-page","status-publish","hentry"],"_links":{"self":[{"href":"https:\/\/aufildapprendre.com\/index.php\/wp-json\/wp\/v2\/pages\/551","targetHints":{"allow":["GET"]}}],"collection":[{"href":"https:\/\/aufildapprendre.com\/index.php\/wp-json\/wp\/v2\/pages"}],"about":[{"href":"https:\/\/aufildapprendre.com\/index.php\/wp-json\/wp\/v2\/types\/page"}],"author":[{"embeddable":true,"href":"https:\/\/aufildapprendre.com\/index.php\/wp-json\/wp\/v2\/users\/1"}],"replies":[{"embeddable":true,"href":"https:\/\/aufildapprendre.com\/index.php\/wp-json\/wp\/v2\/comments?post=551"}],"version-history":[{"count":3,"href":"https:\/\/aufildapprendre.com\/index.php\/wp-json\/wp\/v2\/pages\/551\/revisions"}],"predecessor-version":[{"id":559,"href":"https:\/\/aufildapprendre.com\/index.php\/wp-json\/wp\/v2\/pages\/551\/revisions\/559"}],"wp:attachment":[{"href":"https:\/\/aufildapprendre.com\/index.php\/wp-json\/wp\/v2\/media?parent=551"}],"curies":[{"name":"wp","href":"https:\/\/api.w.org\/{rel}","templated":true}]}}